{"id":187,"date":"2013-03-18T16:55:29","date_gmt":"2013-03-18T14:55:29","guid":{"rendered":"http:\/\/www.graz-psychotherapie.com\/?page_id=187"},"modified":"2013-04-15T21:59:49","modified_gmt":"2013-04-15T19:59:49","slug":"psychotherapy-training","status":"publish","type":"page","link":"https:\/\/www.graz-psychotherapie.com\/en\/offers\/psychotherapy-training\/","title":{"rendered":"Psychotherapy training"},"content":{"rendered":"<ul>\n<li>self-reflection as part of psychotherapy training<\/li>\n<li>tutorials<\/li>\n<li>supervision<\/li>\n<li>presentation\/ teaching on topics of developmental psychology:\u00a0development of the parent-child relationship in the first year of life, postnatal depression, attachment difficulties<\/li>\n<\/ul>\n","protected":false},"excerpt":{"rendered":"<p>self-reflection as part of psychotherapy training tutorials supervision presentation\/ teaching on topics of developmental psychology:\u00a0development of the parent-child relationship in the first year of life, postnatal depression, attachment difficulties<\/p>\n","protected":false},"author":3,"featured_media":0,"parent":159,"menu_order":0,"comment_status":"closed","ping_status":"closed","template":"","meta":{"footnotes":"","_links_to":"","_links_to_target":""},"class_list":["post-187","page","type-page","status-publish","hentry"],"yoast_head":"<!-- This site is optimized with the Yoast SEO plugin v25.6 - https:\/\/yoast.com\/wordpress\/plugins\/seo\/ -->\n<title>Psychotherapy training - Graz Psychotherapie<\/title>\n<meta name=\"robots\" content=\"index, follow, max-snippet:-1, max-image-preview:large, max-video-preview:-1\" \/>\n<link rel=\"canonical\" href=\"https:\/\/www.graz-psychotherapie.com\/en\/offers\/psychotherapy-training\/\" \/>\n<meta property=\"og:locale\" content=\"en_US\" \/>\n<meta property=\"og:type\" content=\"article\" \/>\n<meta property=\"og:title\" content=\"Psychotherapy training - Graz Psychotherapie\" \/>\n<meta property=\"og:description\" content=\"self-reflection as part of psychotherapy training tutorials supervision presentation\/ teaching on topics of developmental psychology:\u00a0development of the parent-child relationship in the first year of life, postnatal depression, attachment difficulties\" \/>\n<meta property=\"og:url\" content=\"https:\/\/www.graz-psychotherapie.com\/en\/offers\/psychotherapy-training\/\" \/>\n<meta property=\"og:site_name\" content=\"Graz Psychotherapie\" \/>\n<meta property=\"article:modified_time\" content=\"2013-04-15T19:59:49+00:00\" \/>\n<script type=\"application\/ld+json\" class=\"yoast-schema-graph\">{\"@context\":\"https:\/\/schema.org\",\"@graph\":[{\"@type\":\"WebPage\",\"@id\":\"https:\/\/www.graz-psychotherapie.com\/en\/offers\/psychotherapy-training\/\",\"url\":\"https:\/\/www.graz-psychotherapie.com\/en\/offers\/psychotherapy-training\/\",\"name\":\"Psychotherapy training - Graz Psychotherapie\",\"isPartOf\":{\"@id\":\"https:\/\/www.graz-psychotherapie.com\/#website\"},\"datePublished\":\"2013-03-18T14:55:29+00:00\",\"dateModified\":\"2013-04-15T19:59:49+00:00\",\"breadcrumb\":{\"@id\":\"https:\/\/www.graz-psychotherapie.com\/en\/offers\/psychotherapy-training\/#breadcrumb\"},\"inLanguage\":\"en-US\",\"potentialAction\":[{\"@type\":\"ReadAction\",\"target\":[\"https:\/\/www.graz-psychotherapie.com\/en\/offers\/psychotherapy-training\/\"]}]},{\"@type\":\"BreadcrumbList\",\"@id\":\"https:\/\/www.graz-psychotherapie.com\/en\/offers\/psychotherapy-training\/#breadcrumb\",\"itemListElement\":[{\"@type\":\"ListItem\",\"position\":1,\"name\":\"Startseite\",\"item\":\"https:\/\/www.graz-psychotherapie.com\/en\/\"},{\"@type\":\"ListItem\",\"position\":2,\"name\":\"What do I offer?\",\"item\":\"https:\/\/www.graz-psychotherapie.com\/en\/offers\/\"},{\"@type\":\"ListItem\",\"position\":3,\"name\":\"Psychotherapy training\"}]},{\"@type\":\"WebSite\",\"@id\":\"https:\/\/www.graz-psychotherapie.com\/#website\",\"url\":\"https:\/\/www.graz-psychotherapie.com\/\",\"name\":\"Graz Psychotherapie\",\"description\":\"Dr. Gesine Schm\u00fccker-Sch\u00fc\u00dfler, selbstst\u00e4ndige Psychotherapeutin, Klinische- und Gesundheitspsychologin\",\"potentialAction\":[{\"@type\":\"SearchAction\",\"target\":{\"@type\":\"EntryPoint\",\"urlTemplate\":\"https:\/\/www.graz-psychotherapie.com\/?s={search_term_string}\"},\"query-input\":{\"@type\":\"PropertyValueSpecification\",\"valueRequired\":true,\"valueName\":\"search_term_string\"}}],\"inLanguage\":\"en-US\"}]}<\/script>\n<!-- \/ Yoast SEO plugin. -->","yoast_head_json":{"title":"Psychotherapy training - Graz Psychotherapie","robots":{"index":"index","follow":"follow","max-snippet":"max-snippet:-1","max-image-preview":"max-image-preview:large","max-video-preview":"max-video-preview:-1"},"canonical":"https:\/\/www.graz-psychotherapie.com\/en\/offers\/psychotherapy-training\/","og_locale":"en_US","og_type":"article","og_title":"Psychotherapy training - Graz Psychotherapie","og_description":"self-reflection as part of psychotherapy training tutorials supervision presentation\/ teaching on topics of developmental psychology:\u00a0development of the parent-child relationship in the first year of life, postnatal depression, attachment difficulties","og_url":"https:\/\/www.graz-psychotherapie.com\/en\/offers\/psychotherapy-training\/","og_site_name":"Graz Psychotherapie","article_modified_time":"2013-04-15T19:59:49+00:00","schema":{"@context":"https:\/\/schema.org","@graph":[{"@type":"WebPage","@id":"https:\/\/www.graz-psychotherapie.com\/en\/offers\/psychotherapy-training\/","url":"https:\/\/www.graz-psychotherapie.com\/en\/offers\/psychotherapy-training\/","name":"Psychotherapy training - Graz Psychotherapie","isPartOf":{"@id":"https:\/\/www.graz-psychotherapie.com\/#website"},"datePublished":"2013-03-18T14:55:29+00:00","dateModified":"2013-04-15T19:59:49+00:00","breadcrumb":{"@id":"https:\/\/www.graz-psychotherapie.com\/en\/offers\/psychotherapy-training\/#breadcrumb"},"inLanguage":"en-US","potentialAction":[{"@type":"ReadAction","target":["https:\/\/www.graz-psychotherapie.com\/en\/offers\/psychotherapy-training\/"]}]},{"@type":"BreadcrumbList","@id":"https:\/\/www.graz-psychotherapie.com\/en\/offers\/psychotherapy-training\/#breadcrumb","itemListElement":[{"@type":"ListItem","position":1,"name":"Startseite","item":"https:\/\/www.graz-psychotherapie.com\/en\/"},{"@type":"ListItem","position":2,"name":"What do I offer?","item":"https:\/\/www.graz-psychotherapie.com\/en\/offers\/"},{"@type":"ListItem","position":3,"name":"Psychotherapy training"}]},{"@type":"WebSite","@id":"https:\/\/www.graz-psychotherapie.com\/#website","url":"https:\/\/www.graz-psychotherapie.com\/","name":"Graz Psychotherapie","description":"Dr. Gesine Schm\u00fccker-Sch\u00fc\u00dfler, selbstst\u00e4ndige Psychotherapeutin, Klinische- und Gesundheitspsychologin","potentialAction":[{"@type":"SearchAction","target":{"@type":"EntryPoint","urlTemplate":"https:\/\/www.graz-psychotherapie.com\/?s={search_term_string}"},"query-input":{"@type":"PropertyValueSpecification","valueRequired":true,"valueName":"search_term_string"}}],"inLanguage":"en-US"}]}},"_links":{"self":[{"href":"https:\/\/www.graz-psychotherapie.com\/en\/wp-json\/wp\/v2\/pages\/187","targetHints":{"allow":["GET"]}}],"collection":[{"href":"https:\/\/www.graz-psychotherapie.com\/en\/wp-json\/wp\/v2\/pages"}],"about":[{"href":"https:\/\/www.graz-psychotherapie.com\/en\/wp-json\/wp\/v2\/types\/page"}],"author":[{"embeddable":true,"href":"https:\/\/www.graz-psychotherapie.com\/en\/wp-json\/wp\/v2\/users\/3"}],"replies":[{"embeddable":true,"href":"https:\/\/www.graz-psychotherapie.com\/en\/wp-json\/wp\/v2\/comments?post=187"}],"version-history":[{"count":9,"href":"https:\/\/www.graz-psychotherapie.com\/en\/wp-json\/wp\/v2\/pages\/187\/revisions"}],"predecessor-version":[{"id":478,"href":"https:\/\/www.graz-psychotherapie.com\/en\/wp-json\/wp\/v2\/pages\/187\/revisions\/478"}],"up":[{"embeddable":true,"href":"https:\/\/www.graz-psychotherapie.com\/en\/wp-json\/wp\/v2\/pages\/159"}],"wp:attachment":[{"href":"https:\/\/www.graz-psychotherapie.com\/en\/wp-json\/wp\/v2\/media?parent=187"}],"curies":[{"name":"wp","href":"https:\/\/api.w.org\/{rel}","templated":true}]}}

<!-- This site is optimized with the Yoast SEO plugin v25.6 - https://yoast.com/wordpress/plugins/seo/ -->
<title>Psychotherapy training - Graz Psychotherapie</title>
<meta name="robots" content="index, follow, max-snippet:-1, max-image-preview:large, max-video-preview:-1" />
<link rel="canonical" href="https://www.graz-psychotherapie.com/en/offers/psychotherapy-training/" />
<meta property="og:locale" content="en_US" />
<meta property="og:type" content="article" />
<meta property="og:title" content="Psychotherapy training - Graz Psychotherapie" />
<meta property="og:description" content="self-reflection as part of psychotherapy training tutorials supervision presentation/ teaching on topics of developmental psychology: development of the parent-child relationship in the first year of life, postnatal depression, attachment difficulties" />
<meta property="og:url" content="https://www.graz-psychotherapie.com/en/offers/psychotherapy-training/" />
<meta property="og:site_name" content="Graz Psychotherapie" />
<meta property="article:modified_time" content="2013-04-15T19:59:49+00:00" />
<script type="application/ld+json" class="yoast-schema-graph">{"@context":"https://schema.org","@graph":[{"@type":"WebPage","@id":"https://www.graz-psychotherapie.com/en/offers/psychotherapy-training/","url":"https://www.graz-psychotherapie.com/en/offers/psychotherapy-training/","name":"Psychotherapy training - Graz Psychotherapie","isPartOf":{"@id":"https://www.graz-psychotherapie.com/#website"},"datePublished":"2013-03-18T14:55:29+00:00","dateModified":"2013-04-15T19:59:49+00:00","breadcrumb":{"@id":"https://www.graz-psychotherapie.com/en/offers/psychotherapy-training/#breadcrumb"},"inLanguage":"en-US","potentialAction":[{"@type":"ReadAction","target":["https://www.graz-psychotherapie.com/en/offers/psychotherapy-training/"]}]},{"@type":"BreadcrumbList","@id":"https://www.graz-psychotherapie.com/en/offers/psychotherapy-training/#breadcrumb","itemListElement":[{"@type":"ListItem","position":1,"name":"Startseite","item":"https://www.graz-psychotherapie.com/en/"},{"@type":"ListItem","position":2,"name":"What do I offer?","item":"https://www.graz-psychotherapie.com/en/offers/"},{"@type":"ListItem","position":3,"name":"Psychotherapy training"}]},{"@type":"WebSite","@id":"https://www.graz-psychotherapie.com/#website","url":"https://www.graz-psychotherapie.com/","name":"Graz Psychotherapie","description":"Dr. Gesine Schmücker-Schüßler, selbstständige Psychotherapeutin, Klinische- und Gesundheitspsychologin","potentialAction":[{"@type":"SearchAction","target":{"@type":"EntryPoint","urlTemplate":"https://www.graz-psychotherapie.com/?s={search_term_string}"},"query-input":{"@type":"PropertyValueSpecification","valueRequired":true,"valueName":"search_term_string"}}],"inLanguage":"en-US"}]}</script>
<!-- / Yoast SEO plugin. -->

Dr. Gesine Schmücker-Schüßler, selbstständige Psychotherapeutin, Klinische- und Gesundheitspsychologin
